{"id":167337,"date":"2025-12-17T22:35:02","date_gmt":"2025-12-17T22:35:02","guid":{"rendered":"https:\/\/metricalmedia.mx\/moseg\/?page_id=167337"},"modified":"2026-01-13T22:28:25","modified_gmt":"2026-01-13T22:28:25","slug":"trasladodevalores","status":"publish","type":"page","link":"https:\/\/metricalmedia.mx\/moseg\/trasladodevalores\/","title":{"rendered":"Traslado de valores"},"content":{"rendered":"<div class=\"wpb-content-wrapper\"><p>[vc_row row_height_percent=\u00bb100&#8243; override_padding=\u00bbyes\u00bb h_padding=\u00bb2&#8243; top_padding=\u00bb5&#8243; bottom_padding=\u00bb4&#8243; back_color=\u00bbcolor-wayh\u00bb back_image=\u00bb167557&#8243; overlay_alpha=\u00bb50&#8243; gutter_size=\u00bb3&#8243; column_width_percent=\u00bb100&#8243; shift_y=\u00bb0&#8243; z_index=\u00bb0&#8243; top_divider=\u00bbgradient\u00bb enable_bottom_divider=\u00bbdefault\u00bb bottom_divider=\u00bbgradient-strong\u00bb shape_bottom_h_use_pixel=\u00bb\u00bb shape_bottom_height=\u00bb250&#8243; shape_bottom_color=\u00bbcolor-jevc\u00bb shape_bottom_opacity=\u00bb100&#8243; shape_bottom_index=\u00bb0&#8243; content_parallax=\u00bb0&#8243; uncode_shortcode_id=\u00bb120711&#8243; back_color_type=\u00bbuncode-palette\u00bb shape_bottom_color_type=\u00bbuncode-palette\u00bb][vc_column column_width_percent=\u00bb100&#8243; position_vertical=\u00bbmiddle\u00bb gutter_size=\u00bb2&#8243; style=\u00bbdark\u00bb overlay_alpha=\u00bb50&#8243; shift_x=\u00bb0&#8243; shift_y=\u00bb0&#8243; shift_y_down=\u00bb0&#8243; z_index=\u00bb0&#8243; medium_width=\u00bb0&#8243; mobile_width=\u00bb0&#8243; width=\u00bb1\/1&#8243;][vc_row_inner][vc_column_inner column_width_percent=\u00bb100&#8243; position_vertical=\u00bbmiddle\u00bb align_horizontal=\u00bbalign_center\u00bb gutter_size=\u00bb3&#8243; overlay_alpha=\u00bb50&#8243; shift_x=\u00bb0&#8243; shift_y=\u00bb0&#8243; shift_y_down=\u00bb0&#8243; z_index=\u00bb0&#8243; medium_width=\u00bb0&#8243; mobile_width=\u00bb0&#8243; width=\u00bb1\/1&#8243; uncode_shortcode_id=\u00bb705297&#8243;][vc_custom_heading heading_semantic=\u00bbh1&#8243; text_font=\u00bbfont-161747&#8243; text_size=\u00bbfontsize-155944&#8243; text_transform=\u00bbuppercase\u00bb uncode_shortcode_id=\u00bb204665&#8243;]SERVICIO DE<br \/>\nTraslado de Valores[\/vc_custom_heading][vc_column_text text_lead=\u00bbyes\u00bb uncode_shortcode_id=\u00bb194105&#8243;]Proteja su patrimonio con nuestro servicio de traslado de valores. Unidades blindadas, custodios armados certificados y rastreo GPS. La mejor manera de que tus documentos, mercanc\u00eda de alto valor y efectivo lleguen a su destino de forma segura y en tiempo.[\/vc_column_text][vc_button button_color=\u00bbcolor-876026&#8243; radius=\u00bbbtn-round\u00bb border_width=\u00bb0&#8243; button_color_type=\u00bbuncode-palette\u00bb uncode_shortcode_id=\u00bb614461&#8243;]Solicitar cotizaci\u00f3n[\/vc_button][\/vc_column_inner][\/vc_row_inner][\/vc_column][\/vc_row][vc_row row_height_percent=\u00bb0&#8243; override_padding=\u00bbyes\u00bb h_padding=\u00bb2&#8243; top_padding=\u00bb2&#8243; bottom_padding=\u00bb2&#8243; overlay_alpha=\u00bb50&#8243; gutter_size=\u00bb3&#8243; column_width_percent=\u00bb100&#8243; shift_y=\u00bb0&#8243; z_index=\u00bb0&#8243; content_parallax=\u00bb0&#8243; uncode_shortcode_id=\u00bb680116&#8243;][vc_column column_width_percent=\u00bb100&#8243; align_horizontal=\u00bbalign_center\u00bb gutter_size=\u00bb3&#8243; overlay_alpha=\u00bb50&#8243; shift_x=\u00bb0&#8243; shift_y=\u00bb0&#8243; shift_y_down=\u00bb0&#8243; z_index=\u00bb0&#8243; medium_width=\u00bb0&#8243; mobile_width=\u00bb0&#8243; width=\u00bb1\/1&#8243; uncode_shortcode_id=\u00bb151530&#8243;][vc_custom_heading text_font=\u00bbfont-161747&#8243; text_size=\u00bbh1&#8243; text_transform=\u00bbuppercase\u00bb uncode_shortcode_id=\u00bb173981&#8243;]Soluciones de traslado de efectivo<br \/>\ncon m\u00e1xima seguridad.[\/vc_custom_heading][vc_column_text uncode_shortcode_id=\u00bb186896&#8243;]En un entorno donde la gesti\u00f3n de riesgos es vital, su empresa necesita m\u00e1s que transporte; necesita una estrategia de log\u00edstica segura.<br \/>\nCon a\u00f1os de experiencia operativa en M\u00e9xico, ofrecemos un servicio integral de traslado de valores dise\u00f1ado para garantizar la continuidad de su negocio y la integridad de sus activos.[\/vc_column_text][\/vc_column][\/vc_row][vc_row unlock_row_content=\u00bbyes\u00bb row_height_percent=\u00bb0&#8243; override_padding=\u00bbyes\u00bb h_padding=\u00bb5&#8243; top_padding=\u00bb6&#8243; bottom_padding=\u00bb4&#8243; back_image=\u00bb167381&#8243; overlay_alpha=\u00bb50&#8243; gutter_size=\u00bb3&#8243; column_width_percent=\u00bb100&#8243; shift_y=\u00bb0&#8243; z_index=\u00bb0&#8243; content_parallax=\u00bb0&#8243; uncode_shortcode_id=\u00bb892477&#8243;][vc_column width=\u00bb1\/1&#8243;][vc_row_inner][vc_column_inner width=\u00bb1\/2&#8243;][vc_single_image media=\u00bb167359&#8243; media_width_percent=\u00bb100&#8243; uncode_shortcode_id=\u00bb786213&#8243;][\/vc_column_inner][vc_column_inner column_width_percent=\u00bb100&#8243; position_vertical=\u00bbmiddle\u00bb gutter_size=\u00bb3&#8243; overlay_alpha=\u00bb50&#8243; shift_x=\u00bb0&#8243; shift_y=\u00bb0&#8243; shift_y_down=\u00bb0&#8243; z_index=\u00bb0&#8243; medium_width=\u00bb0&#8243; mobile_width=\u00bb0&#8243; width=\u00bb1\/2&#8243; uncode_shortcode_id=\u00bb621992&#8243;][vc_custom_heading text_font=\u00bbfont-161747&#8243; text_transform=\u00bbuppercase\u00bb uncode_shortcode_id=\u00bb405350&#8243;]Recolecci\u00f3n y entrega de valores[\/vc_custom_heading][vc_column_text uncode_shortcode_id=\u00bb696432&#8243;]Realizamos la recolecci\u00f3n de efectivo, documentos o valores directamente en tus instalaciones y los trasladamos al punto que indique (bancos, tesorer\u00eda, centro de proceso o sucursales).<br \/>\n[\/vc_column_text][uncode_list icon=\u00bbfa fa-angle-right\u00bb icon_color=\u00bbcolor-876026&#8243; uncode_shortcode_id=\u00bb208808&#8243; icon_color_type=\u00bbuncode-palette\u00bb]<\/p>\n<ul>\n<li>Recolecci\u00f3n y entrega de valores<\/li>\n<li>Rutas programadas o bajo pedido<\/li>\n<li>Personal capacitado y unidades seguras<\/li>\n<li>Registro y evidencia de cada entrega<\/li>\n<\/ul>\n<p>[\/uncode_list][\/vc_column_inner][\/vc_row_inner][\/vc_column][\/vc_row][vc_row unlock_row_content=\u00bbyes\u00bb row_height_percent=\u00bb0&#8243; override_padding=\u00bbyes\u00bb h_padding=\u00bb2&#8243; top_padding=\u00bb4&#8243; bottom_padding=\u00bb4&#8243; overlay_alpha=\u00bb50&#8243; gutter_size=\u00bb3&#8243; column_width_percent=\u00bb100&#8243; shift_y=\u00bb0&#8243; z_index=\u00bb0&#8243; content_parallax=\u00bb0&#8243; uncode_shortcode_id=\u00bb869465&#8243;][vc_column column_width_percent=\u00bb100&#8243; position_vertical=\u00bbmiddle\u00bb gutter_size=\u00bb3&#8243; overlay_alpha=\u00bb50&#8243; shift_x=\u00bb0&#8243; shift_y=\u00bb0&#8243; shift_y_down=\u00bb0&#8243; z_index=\u00bb0&#8243; medium_width=\u00bb0&#8243; mobile_width=\u00bb0&#8243; width=\u00bb1\/2&#8243; uncode_shortcode_id=\u00bb113659&#8243;][vc_column_text text_lead=\u00bbyes\u00bb uncode_shortcode_id=\u00bb117049&#8243;]Utilizamos <span style=\"color: #ffcc00;\">camionetas blindadas certificadas y personal armado<\/span> de \u00e9lite para mover su capital desde su punto de venta hasta la b\u00f3veda bancaria o centro de concentraci\u00f3n, eliminando la vulnerabilidad en la v\u00eda p\u00fablica.[\/vc_column_text][vc_button button_color=\u00bbcolor-876026&#8243; radius=\u00bbbtn-round\u00bb border_width=\u00bb0&#8243; button_color_type=\u00bbuncode-palette\u00bb uncode_shortcode_id=\u00bb614461&#8243;]Solicitar cotizaci\u00f3n[\/vc_button][\/vc_column][vc_column width=\u00bb1\/2&#8243;][vc_single_image media=\u00bb167576&#8243; media_width_percent=\u00bb100&#8243; media_ratio=\u00bbone-one\u00bb uncode_shortcode_id=\u00bb210831&#8243;][\/vc_column][\/vc_row][vc_row row_height_percent=\u00bb0&#8243; override_padding=\u00bbyes\u00bb h_padding=\u00bb2&#8243; top_padding=\u00bb3&#8243; bottom_padding=\u00bb3&#8243; overlay_alpha=\u00bb50&#8243; gutter_size=\u00bb3&#8243; column_width_percent=\u00bb100&#8243; shift_y=\u00bb0&#8243; z_index=\u00bb2&#8243; bottom_divider=\u00bbswoosh-opacity\u00bb content_parallax=\u00bb0&#8243; uncode_shortcode_id=\u00bb194168&#8243;][vc_column column_width_use_pixel=\u00bbyes\u00bb position_vertical=\u00bbmiddle\u00bb align_horizontal=\u00bbalign_center\u00bb gutter_size=\u00bb3&#8243; overlay_alpha=\u00bb50&#8243; shift_x=\u00bb0&#8243; shift_y=\u00bb0&#8243; shift_y_down=\u00bb0&#8243; shift_y_down_fixed=\u00bbyes\u00bb z_index=\u00bb0&#8243; medium_width=\u00bb0&#8243; align_mobile=\u00bbalign_center_mobile\u00bb mobile_width=\u00bb0&#8243; width=\u00bb1\/1&#8243; column_width_pixel=\u00bb900&#8243;][vc_row_inner][vc_column_inner column_width_use_pixel=\u00bbyes\u00bb align_horizontal=\u00bbalign_center\u00bb gutter_size=\u00bb2&#8243; override_padding=\u00bbyes\u00bb column_padding=\u00bb0&#8243; overlay_alpha=\u00bb50&#8243; shift_x=\u00bb0&#8243; shift_y=\u00bb0&#8243; shift_y_down=\u00bb0&#8243; z_index=\u00bb0&#8243; medium_width=\u00bb0&#8243; mobile_width=\u00bb0&#8243; width=\u00bb1\/1&#8243; column_width_pixel=\u00bb900&#8243;][vc_custom_heading text_font=\u00bbfont-161747&#8243; text_transform=\u00bbuppercase\u00bb uncode_shortcode_id=\u00bb965852&#8243;]Monitoreo GPS[\/vc_custom_heading][vc_column_text uncode_shortcode_id=\u00bb183230&#8243;]En el traslado de valores, la informaci\u00f3n es tan cr\u00edtica como el blindaje. Entendemos que la incertidumbre es el mayor enemigo de su operaci\u00f3n log\u00edstica. Por ello, hemos integrado tecnolog\u00eda de rastreo satelital (GPS) de \u00faltima generaci\u00f3n en el 100% de nuestra flota blindada. Creamos geocercas y rutas inteligentes.[\/vc_column_text][\/vc_column_inner][\/vc_row_inner][vc_row_inner][vc_column_inner column_width_percent=\u00bb100&#8243; align_horizontal=\u00bbalign_center\u00bb gutter_size=\u00bb3&#8243; override_padding=\u00bbyes\u00bb column_padding=\u00bb0&#8243; overlay_alpha=\u00bb50&#8243; shift_x=\u00bb0&#8243; shift_y=\u00bb0&#8243; shift_y_down=\u00bb0&#8243; z_index=\u00bb0&#8243; medium_width=\u00bb0&#8243; mobile_width=\u00bb0&#8243; width=\u00bb1\/1&#8243;][vc_single_image media=\u00bb167568&#8243; media_width_percent=\u00bb100&#8243; media_ratio=\u00bbsixteen-nine\u00bb shadow=\u00bbyes\u00bb shadow_weight=\u00bblg\u00bb uncode_shortcode_id=\u00bb848343&#8243;][\/vc_column_inner][\/vc_row_inner][\/vc_column][\/vc_row][vc_row row_height_percent=\u00bb0&#8243; override_padding=\u00bbyes\u00bb h_padding=\u00bb2&#8243; top_padding=\u00bb4&#8243; bottom_padding=\u00bb4&#8243; overlay_alpha=\u00bb50&#8243; gutter_size=\u00bb3&#8243; column_width_percent=\u00bb100&#8243; shift_y=\u00bb0&#8243; z_index=\u00bb0&#8243; content_parallax=\u00bb0&#8243; uncode_shortcode_id=\u00bb146486&#8243;][vc_column width=\u00bb1\/1&#8243;][vc_gallery el_id=\u00bbgallery-102986&#8243; type=\u00bbcss_grid\u00bb medias=\u00bb167566,167365,167366,167367&#8243; gallery_visible=\u00bb4&#8243; screen_lg_items=\u00bb4&#8243; screen_lg_breakpoint=\u00bb1000&#8243; screen_md_items=\u00bb2&#8243; screen_md_breakpoint=\u00bb600&#8243; screen_sm_items=\u00bb1&#8243; screen_sm_breakpoint=\u00bb480&#8243; gutter_size=\u00bb3&#8243; media_items=\u00bbmedia|lightbox|original\u00bb css_grid_images_size=\u00bbone-one\u00bb single_style=\u00bbdark\u00bb single_overlay_opacity=\u00bb50&#8243; single_padding=\u00bb2&#8243; single_border=\u00bbyes\u00bb uncode_shortcode_id=\u00bb250772&#8243;][\/vc_column][\/vc_row][vc_row row_height_percent=\u00bb100&#8243; override_padding=\u00bbyes\u00bb h_padding=\u00bb2&#8243; top_padding=\u00bb3&#8243; bottom_padding=\u00bb5&#8243; back_image=\u00bb167571&#8243; back_position=\u00bbcenter center\u00bb overlay_color=\u00bbcolor-jevc\u00bb overlay_alpha=\u00bb72&#8243; gutter_size=\u00bb3&#8243; column_width_percent=\u00bb100&#8243; shift_y=\u00bb0&#8243; z_index=\u00bb0&#8243; enable_top_divider=\u00bbdefault\u00bb top_divider=\u00bbgradient\u00bb shape_top_h_use_pixel=\u00bb\u00bb shape_top_height=\u00bb150&#8243; shape_top_color=\u00bbcolor-jevc\u00bb shape_top_opacity=\u00bb100&#8243; shape_top_index=\u00bb0&#8243; enable_bottom_divider=\u00bbdefault\u00bb bottom_divider=\u00bbgradient\u00bb shape_bottom_h_use_pixel=\u00bb\u00bb shape_bottom_height=\u00bb150&#8243; shape_bottom_color=\u00bbcolor-jevc\u00bb shape_bottom_opacity=\u00bb100&#8243; shape_bottom_index=\u00bb0&#8243; content_parallax=\u00bb0&#8243; uncode_shortcode_id=\u00bb124927&#8243; overlay_color_type=\u00bbuncode-palette\u00bb shape_top_color_type=\u00bbuncode-palette\u00bb shape_bottom_color_type=\u00bbuncode-palette\u00bb][vc_column column_width_percent=\u00bb100&#8243; align_horizontal=\u00bbalign_center\u00bb gutter_size=\u00bb3&#8243; overlay_alpha=\u00bb50&#8243; shift_x=\u00bb0&#8243; shift_y=\u00bb0&#8243; shift_y_down=\u00bb0&#8243; z_index=\u00bb0&#8243; medium_width=\u00bb0&#8243; mobile_width=\u00bb0&#8243; width=\u00bb1\/1&#8243; uncode_shortcode_id=\u00bb151530&#8243;][vc_custom_heading text_font=\u00bbfont-161747&#8243; text_size=\u00bbh1&#8243; text_transform=\u00bbuppercase\u00bb uncode_shortcode_id=\u00bb209031&#8243;]Ventajas de Contratar nuestros servicios de traslados de valores[\/vc_custom_heading][vc_row_inner row_inner_height_percent=\u00bb0&#8243; overlay_alpha=\u00bb50&#8243; gutter_size=\u00bb4&#8243; shift_y=\u00bb0&#8243; z_index=\u00bb0&#8243;][vc_column_inner column_width_percent=\u00bb100&#8243; align_horizontal=\u00bbalign_center\u00bb gutter_size=\u00bb3&#8243; overlay_alpha=\u00bb50&#8243; shift_x=\u00bb0&#8243; shift_y=\u00bb0&#8243; shift_y_down=\u00bb0&#8243; z_index=\u00bb0&#8243; medium_width=\u00bb3&#8243; mobile_width=\u00bb0&#8243; width=\u00bb1\/3&#8243; uncode_shortcode_id=\u00bb507112&#8243;][vc_icon icon=\u00bbfa fa-layers2&#8243; icon_image=\u00bb167378&#8243; icon_color=\u00bbaccent\u00bb media_size=\u00bb80&#8243; text_size=\u00bbh4&#8243; title=\u00bbTransferencia de Riesgo\u00bb uncode_shortcode_id=\u00bb122645&#8243; icon_color_type=\u00bbuncode-palette\u00bb]Desde el momento en que nuestros custodios reciben los valores, la responsabilidad es nuestra. Contamos con p\u00f3lizas de seguro de amplia cobertura que garantizan su patrimonio ante cualquier eventualidad.[\/vc_icon][\/vc_column_inner][vc_column_inner column_width_percent=\u00bb100&#8243; align_horizontal=\u00bbalign_center\u00bb gutter_size=\u00bb3&#8243; overlay_alpha=\u00bb50&#8243; shift_x=\u00bb0&#8243; shift_y=\u00bb0&#8243; shift_y_down=\u00bb0&#8243; z_index=\u00bb0&#8243; medium_width=\u00bb3&#8243; mobile_width=\u00bb0&#8243; width=\u00bb1\/3&#8243; uncode_shortcode_id=\u00bb141244&#8243;][vc_icon icon=\u00bbfa fa-layers2&#8243; icon_image=\u00bb167377&#8243; icon_color=\u00bbaccent\u00bb media_size=\u00bb80&#8243; text_size=\u00bbh4&#8243; title=\u00bbEficiencia Operativa:\u00bb uncode_shortcode_id=\u00bb109134&#8243; icon_color_type=\u00bbuncode-palette\u00bb]Su personal debe enfocarse en vender y operar, no en contar billetes o ir al banco. Nosotros optimizamos sus tiempos mediante recolecciones programadas.[\/vc_icon][\/vc_column_inner][vc_column_inner column_width_percent=\u00bb100&#8243; align_horizontal=\u00bbalign_center\u00bb gutter_size=\u00bb3&#8243; overlay_alpha=\u00bb50&#8243; shift_x=\u00bb0&#8243; shift_y=\u00bb0&#8243; shift_y_down=\u00bb0&#8243; z_index=\u00bb0&#8243; medium_width=\u00bb0&#8243; mobile_width=\u00bb0&#8243; width=\u00bb1\/3&#8243; uncode_shortcode_id=\u00bb159494&#8243;][vc_icon icon=\u00bbfa fa-layers2&#8243; icon_image=\u00bb167377&#8243; icon_color=\u00bbaccent\u00bb media_size=\u00bb80&#8243; text_size=\u00bbh4&#8243; title=\u00bbDisuasi\u00f3n Inmediata\u00bb uncode_shortcode_id=\u00bb163289&#8243; icon_color_type=\u00bbuncode-palette\u00bb]La presencia de unidades blindadas y personal uniformado y armado reduce dr\u00e1sticamente la intenci\u00f3n de ataque por parte de la delincuencia organizada.[\/vc_icon][\/vc_column_inner][\/vc_row_inner][\/vc_column][\/vc_row][vc_row row_height_percent=\u00bb0&#8243; override_padding=\u00bbyes\u00bb h_padding=\u00bb2&#8243; top_padding=\u00bb6&#8243; bottom_padding=\u00bb6&#8243; back_image=\u00bb167384&#8243; overlay_alpha=\u00bb50&#8243; gutter_size=\u00bb3&#8243; column_width_percent=\u00bb100&#8243; shift_y=\u00bb0&#8243; z_index=\u00bb0&#8243; content_parallax=\u00bb0&#8243; uncode_shortcode_id=\u00bb103357&#8243;][vc_column width=\u00bb1\/1&#8243;][vc_row_inner][vc_column_inner width=\u00bb1\/2&#8243;][\/vc_column_inner][vc_column_inner width=\u00bb1\/2&#8243;][vc_custom_heading text_font=\u00bbfont-161747&#8243; text_transform=\u00bbuppercase\u00bb uncode_shortcode_id=\u00bb162602&#8243;]Procesamiento y administraci\u00f3n de efectivo[\/vc_custom_heading][vc_column_text uncode_shortcode_id=\u00bb748498&#8243;]Apoyamos a tu empresa en el conteo, validaci\u00f3n, clasificaci\u00f3n y resguardo de efectivo, agilizando tus operaciones financieras.[\/vc_column_text][uncode_list icon=\u00bbfa fa-angle-right\u00bb icon_color=\u00bbcolor-876026&#8243; uncode_shortcode_id=\u00bb283934&#8243; icon_color_type=\u00bbuncode-palette\u00bb]<\/p>\n<ul>\n<li>Disminuci\u00f3n de errores humanos<\/li>\n<li>Reportes claros para tu \u00e1rea administrativa<\/li>\n<li>Mayor control sobre los ingresos diarios<\/li>\n<\/ul>\n<p>[\/uncode_list][\/vc_column_inner][\/vc_row_inner][\/vc_column][\/vc_row][vc_row row_height_percent=\u00bb0&#8243; override_padding=\u00bbyes\u00bb h_padding=\u00bb2&#8243; top_padding=\u00bb4&#8243; bottom_padding=\u00bb1&#8243; back_image=\u00bb167406&#8243; overlay_color=\u00bbcolor-jevc\u00bb overlay_alpha=\u00bb78&#8243; gutter_size=\u00bb3&#8243; column_width_percent=\u00bb100&#8243; shift_y=\u00bb0&#8243; z_index=\u00bb0&#8243; content_parallax=\u00bb0&#8243; uncode_shortcode_id=\u00bb610496&#8243; overlay_color_type=\u00bbuncode-palette\u00bb][vc_column column_width_percent=\u00bb100&#8243; position_vertical=\u00bbmiddle\u00bb align_horizontal=\u00bbalign_center\u00bb gutter_size=\u00bb4&#8243; overlay_alpha=\u00bb50&#8243; shift_x=\u00bb0&#8243; shift_y=\u00bb0&#8243; shift_y_down=\u00bb0&#8243; z_index=\u00bb0&#8243; medium_width=\u00bb0&#8243; mobile_width=\u00bb0&#8243; width=\u00bb1\/1&#8243; uncode_shortcode_id=\u00bb207789&#8243;][vc_row_inner][vc_column_inner column_width_percent=\u00bb100&#8243; position_vertical=\u00bbmiddle\u00bb gutter_size=\u00bb3&#8243; overlay_alpha=\u00bb50&#8243; shift_x=\u00bb0&#8243; shift_y=\u00bb0&#8243; shift_y_down=\u00bb0&#8243; z_index=\u00bb0&#8243; medium_width=\u00bb0&#8243; mobile_width=\u00bb0&#8243; width=\u00bb1\/2&#8243; uncode_shortcode_id=\u00bb197138&#8243;][vc_custom_heading text_font=\u00bbfont-161747&#8243; text_size=\u00bbh1&#8243; text_transform=\u00bbuppercase\u00bb uncode_shortcode_id=\u00bb698000&#8243; subheading=\u00bbPonemos a tu disposici\u00f3n cofres blindados para resguardar temporalmente valores, efectivo o documentos sensibles.\u00bb]RENTA DE COFRES BLINDADOS[\/vc_custom_heading][vc_custom_heading text_font=\u00bbfont-161747&#8243; text_weight=\u00bb800&#8243; text_transform=\u00bbuppercase\u00bb uncode_shortcode_id=\u00bb618278&#8243;]BENEFICIOS[\/vc_custom_heading][uncode_list icon=\u00bbfa fa-angle-right\u00bb icon_color=\u00bbcolor-876026&#8243; uncode_shortcode_id=\u00bb144685&#8243; icon_color_type=\u00bbuncode-palette\u00bb]<\/p>\n<ul>\n<li>Ideales para operaciones con alto flujo de efectivo<\/li>\n<li>Control de acceso restringido<\/li>\n<li>Integraci\u00f3n con nuestros servicios de recolecci\u00f3n<\/li>\n<\/ul>\n<p>[\/uncode_list][\/vc_column_inner][vc_column_inner width=\u00bb1\/2&#8243;][vc_gallery el_id=\u00bbgallery-139929&#8243; type=\u00bbcarousel\u00bb medias=\u00bb167551,167552,167553&#8243; carousel_lg=\u00bb1&#8243; carousel_md=\u00bb1&#8243; carousel_sm=\u00bb1&#8243; thumb_size=\u00bbone-one\u00bb gutter_size=\u00bb3&#8243; carousel_autoh=\u00bbyes\u00bb carousel_interval=\u00bb3000&#8243; carousel_hover=\u00bbyes\u00bb carousel_navspeed=\u00bb400&#8243; carousel_loop=\u00bbyes\u00bb carousel_nav=\u00bbyes\u00bb carousel_nav_mobile=\u00bbyes\u00bb carousel_nav_skin=\u00bbdark\u00bb stage_padding=\u00bb0&#8243; single_overlay_opacity=\u00bb50&#8243; single_padding=\u00bb2&#8243; uncode_shortcode_id=\u00bb194849&#8243;][\/vc_column_inner][\/vc_row_inner][\/vc_column][\/vc_row]<\/p>\n<\/div>","protected":false},"excerpt":{"rendered":"<p>[vc_row row_height_percent=\u00bb100&#8243; override_padding=\u00bbyes\u00bb h_padding=\u00bb2&#8243; top_padding=\u00bb5&#8243; bottom_padding=\u00bb4&#8243; back_color=\u00bbcolor-wayh\u00bb back_image=\u00bb167557&#8243; overlay_alpha=\u00bb50&#8243; gutter_size=\u00bb3&#8243; column_width_percent=\u00bb100&#8243; shift_y=\u00bb0&#8243; z_index=\u00bb0&#8243; top_divider=\u00bbgradient\u00bb enable_bottom_divider=\u00bbdefault\u00bb bottom_divider=\u00bbgradient-strong\u00bb shape_bottom_h_use_pixel=\u00bb\u00bb shape_bottom_height=\u00bb250&#8243; shape_bottom_color=\u00bbcolor-jevc\u00bb shape_bottom_opacity=\u00bb100&#8243; [&hellip;]<\/p>\n","protected":false},"author":1,"featured_media":0,"parent":0,"menu_order":0,"comment_status":"closed","ping_status":"closed","template":"","meta":{"footnotes":""},"class_list":["post-167337","page","type-page","status-publish","hentry"],"_links":{"self":[{"href":"https:\/\/metricalmedia.mx\/moseg\/wp-json\/wp\/v2\/pages\/167337","targetHints":{"allow":["GET"]}}],"collection":[{"href":"https:\/\/metricalmedia.mx\/moseg\/wp-json\/wp\/v2\/pages"}],"about":[{"href":"https:\/\/metricalmedia.mx\/moseg\/wp-json\/wp\/v2\/types\/page"}],"author":[{"embeddable":true,"href":"https:\/\/metricalmedia.mx\/moseg\/wp-json\/wp\/v2\/users\/1"}],"replies":[{"embeddable":true,"href":"https:\/\/metricalmedia.mx\/moseg\/wp-json\/wp\/v2\/comments?post=167337"}],"version-history":[{"count":70,"href":"https:\/\/metricalmedia.mx\/moseg\/wp-json\/wp\/v2\/pages\/167337\/revisions"}],"predecessor-version":[{"id":167615,"href":"https:\/\/metricalmedia.mx\/moseg\/wp-json\/wp\/v2\/pages\/167337\/revisions\/167615"}],"wp:attachment":[{"href":"https:\/\/metricalmedia.mx\/moseg\/wp-json\/wp\/v2\/media?parent=167337"}],"curies":[{"name":"wp","href":"https:\/\/api.w.org\/{rel}","templated":true}]}}